*2 - 1768*h + 1857. Calculate j(1).
1
Let s(z) = 171150*z + 684518. What is s(-4)?
-82
Let o(h) = h**2 - 67*h + 5623. Determine o(51).
4807
Let u(r) = -991*r - 45453. Calculate u(-46).
133
Let x(a) = -5*a**3 - 69*a**2 + 226*a + 619. Determine x(-16).
-181
Let k(s) = -s**2 - 133731*s - 401172. Give k(-3).
12
Let j(t) = 2*t**2 + 259*t + 914. Calculate j(-123).
-685
Let m(v) = -567*v - 86753. What is m(-153)?
-2
Let c(d) = d**3 + 121*d**2 - 28603*d + 5116. Determine c(119).
-1
Let f(p) = p**3 - 63*p**2 + 736*p - 101. Calculate f(47).
-853
Let j(q) = -303*q + 95465. Calculate j(315).
20
Let o(b) = b**3 - 18*b**2 - 342*b - 116. Determine o(31).
1775
Let i(u) = -u**2 - 1165*u + 25008. Calculate i(21).
102
Let f(h) = -h**3 + 66*h**2 + 469*h - 1085. What is f(72)?
1579
Let i(o) = 30*o**2 - 644*o - 1285. Determine i(-2).
123
Let j(l) = -l**3 - 48*l**2 + 63*l - 1830. What is j(-50)?
20
Let b(d) = 7253*d - 51721. Calculate b(7).
-950
Let r(v) = v**3 + 18*v**2 - 59*v - 856. Determine r(-18).
206
Let o(a) = -207*a**2 - 55*a - 56. What is o(-1)?
-208
Let b(d) = d**3 + 86*d**2 + 10*d + 1044. Determine b(-86).
184
Let b(h) = 12*h**2 - 5386*h - 17152. Give b(452).
24
Let k(t) = -t**2 - 240*t - 10640. Determine k(-161).
2079
Let p(j) = -61*j**2 - 4626*j + 776. What is p(-76)?
16
Let x(s) = 9*s**2 + 593*s + 1029. Calculate x(-64).
-59
Let l(k) = 137*k - 133. Determine l(5).
552
Let u(k) = 1055*k + 5319. Determine u(-7).
-2066
Let m(q) = q**3 + 67*q**2 + 163*q + 2233. Calculate m(-65).
88
Let f(v) = -2*v**3 - 185*v**2 - 94*v + 956. Calculate f(-92).
1140
Let c(a) = -734*a - 435253. What is c(-593)?
9
Let m(i) = i**2 + 122*i - 3910. Determine m(26).
-62
Let y(j) = -30*j**2 + 736*j + 2462. What is y(-3)?
-16
Let y(l) = l**2 + 1617*l - 8137. Calculate y(5).
-27
Let t(v) = 35*v**2 - 3241*v + 368. Give t(92).
-1564
Let d(m) = m**2 - 471*m - 10873. Give d(-22).
-27
Let v(n) = 23*n**2 + 2298*n - 168. Determine v(-100).
32
Let u(g) = 87*g**2 - 8*g - 81. What is u(0)?
-81
Let t(d) = 2412*d + 27942. What is t(-12)?
-1002
Let f(w) = -w**3 + 13*w**2 + 464*w + 63. Calculate f(29).
63
Let w(j) = 1304*j + 2553. Determine w(-5).
-3967
Let y(r) = -3*r**3 + 33*r**2 - 22*r - 111. Calculate y(15).
-3141
Let s(w) = 316420*w - 949128. What is s(3)?
132
Let s(b) = b**3 - 38*b**2 - 3838*b - 2310. Determine s(84).
-126
Let p(z) = -2*z**2 - 3848*z - 139639. What is p(-37)?
-1
Let g(s) = 404*s + 97378. Calculate g(-241).
14
Let o(c) = -90*c**3 + 632*c**2 - 12*c + 2. Give o(7).
16
Let b(j) = j**2 + 5085*j + 216811. Give b(-43).
5
Let b(o) = -682*o**3 + 574*o**2 + 573*o. Calculate b(-1).
683
Let z(s) = s**2 + 205272*s - 1436944. Determine z(7).
9
Let a(v) = -41874*v + 126. Give a(0).
126
Let k(w) = -w**2 - 26815*w + 295099. Calculate k(11).
13
Let n(q) = -47*q**2 - 33*q + 1338. Give n(5).
-2
Let h(i) = 18959*i - 19328. Calculate h(1).
-369
Let j(d) = 25*d**2 - 191*d - 148. Calculate j(9).
158
Let v(x) = 99*x**2 - 146037*x + 17697. Calculate v(1475).
-3
Let q(a) = -187*a**2 + 1682*a - 8. Determine q(9).
-17
Let s(r) = 2*r**3 - 286*r**2 + 51*r - 7362. Determine s(143).
-69
Let t(o) = -o**2 + 119*o - 946. What is t(13)?
432
Let j(u) = 39913*u + 199356. Determine j(-5).
-209
Let x(a) = 38869*a - 77949. Determine x(2).
-211
Let f(q) = -2*q**3 + 101*q**2 - 1001*q - 96. Determine f(14).
198
Let y(a) = 771*a - 162687. Calculate y(211).
-6
Let o(x) = x**3 - 2*x**2 - 192*x + 978. Give o(0).
978
Let o(z) = -z**3 - 10*z**2 + 52*z - 4. Calculate o(-14).
52
Let i(q) = -q**3 + 24*q**2 + 6*q - 638. Calculate i(23).
29
Let g(w) = 10*w**3 - w**2 - 18*w - 212. Determine g(-3).
-437
Let u(y) = -458*y + 41163. Give u(83).
3149
Let b(r) = r**3 + 60*r**2 + 402*r - 345. Determine b(-51).
2562
Let j(q) = -q**2 - 2159*q - 169831. Calculate j(-81).
-1513
Let m(z) = 305*z + 28672. Determine m(-94).
2
Let s(i) = 253*i**2 + 278*i - 1393. What is s(5)?
6322
Let s(v) = 1357*v**2 + 836*v. Calculate s(-1).
521
Let h(t) = t**2 + 134*t + 4321. Give h(-90).
361
Let w(x) = x**3 + 278*x**2 + 19069*x + 499. Calculate w(-123).
7
Let j(d) = -70*d**3 + 8*d**2 - 26*d - 85. Give j(-2).
559
Let h(q) = 61*q**2 - 5490*q + 3. Calculate h(90).
3
Let j(a) = -81*a**3 + 59693*a**2 + 2947*a + 772. Calculate j(737).
35
Let h(v) = -19*v**2 + 2423*v - 5989. Give h(125).
11
Let a(m) = m**3 + 1060*m**2 + 211736*m + 3942. Give a(-793).
-23
Let v(k) = 3*k**3 - 20*k**2 - 5*k + 15. What is v(6)?
-87
Let g(h) = -h**3 + 24*h**2 - 371*h + 2127. Give g(9).
3
Let g(p) = p**2 + 46*p + 70. Determine g(-6).
-170
Let o(f) = -21351*f - 64046. What is o(-3)?
7
Let w(t) = -31690*t - 156737. Give w(-5).
1713
Let f(x) = x**2 - 2011*x + 637093. Determine f(394).
-5
Let x(u) = -427*u - 36447. Give x(-85).
-152
Let o(f) = -640*f - 48010. What is o(-75)?
-10
Let p(b) = -2*b**2 - 1824*b + 10987. Give p(6).
-29
Let s(l) = -6*l**2 + 300*l - 3510. Calculate s(20).
90
Let c(u) = -2*u**2 + 138*u + 19. Give c(74).
-721
Let d(q) = 247*q**3 - q**2 + 1336*q - 2673. Determine d(2).
1971
Let t(v) = v**3 + 6721*v**2 - 3664595*v - 532. Give t(507).
-25
Let a(x) = 443*x - 11569. Calculate a(22).
-1823
Let u(y) = -115*y - 7660. Give u(-57).
-1105
Let r(s) = 6484*s + 421452. Determine r(-65).
-8
Let t(g) = 2*g**2 - 1378*g + 201216. Calculate t(210).
36
Let g(s) = -13*s**3 - 60*s**2 - s + 3. Determine g(-7).
1529
Let l(k) = -2*k**3 - 77*k**2 + 11052*k - 154. Calculate l(-96).
-1306
Let p(k) = -4*k**2 - 496*k + 23783. What is p(37)?
-45
Let u(y) = -y**2 + 173*y + 6285. What is u(-31)?
-39
Let b(o) = -2*o**3 + 533*o**2 - 1195*o - 32978. What is b(264)?
22
Let g(d) = 7854*d - 2976673. Give g(379).
-7
Let h(y) = 57*y**2 - 159*y - 992. Determine h(-3).
-2
Let h(p) = -787*p + 33444. Determine h(41).
1177
Let y(l) = -951*l - 10569. Determine y(-11).
-108
Let x(a) = -12*a**3 + 550*a**2 - 458*a + 20. Give x(45).
-340
Let t(b) = 1251*b**2 - 509160*b + 1226. Calculate t(407).
5
Let j(z) = 31290*z + 3035161. What is j(-97)?
31
Let n(k) = -k**3 - 15*k**2 + 3*k - 214. Give n(-16).
-6
Let v(x) = x**2 - 429*x - 15743. What is v(-34)?
-1
Let u(c) = c**3 - 117*c**2 + 857*c + 1269. Calculate u(109).
-366
Let g(a) = 15*a**3 + 4*a**2 + 13*a - 31. Give g(2).
131
Let x(h) = 33*h + 3509. Determine x(-110).
-121
Let w(o) = -o**2 + 27*o + 345. Calculate w(-29).
-1279
Let a(j) = j**3 - 14*j**2 + 5159*j - 56437. Calculate a(11).
-51
Let u(o) = -3*o**3 - 1052*o**2 - 3815*o + 780. Determine u(-347).
86
Let y(f) = 3302*f - 835383. Calculate y(253).
23
Let q(y) = 7*y**2 - 355*y - 856. Give q(53).
-8
Let y(g) = g**3 - 168*g**2 + 756*g + 9601. Calculate y(163).
-16
Let q(m) = 199*m - 5271. Give q(26).
-97
Let a(s) = -556*s + 19461. What is a(35)?
1
Let y(c) = 2*c**2 + 171*c - 47946. Calculate y(118).
80
Let r(l) = 1058*l + 42317. Calculate r(-40).
-3
Let p(x) = -18*x**2 + 1022*x - 758. Determine p(56).
26
Let u(o) = o**3 - 24*o**2 + 684*o - 9792. Calculate u(15).
-1557
Let v(x) = -21*x**2 + 17102*x + 10598. Calculate v(815).
3
Let j(h) = h**3 - 29*h**2 - 90*h + 156. What is j(-4)?
-12
Let i(s) = -2593*s + 105953. Give i(41).
-360
Let p(x) = 9*x**2 - 837*x - 6410. Determine p(101).
862
Let p(y) = -1722*y - 204906. What is p(-119)?
12
Let w(i) = -3863*i - 15199. Give w(-4).
253
Let s(u) = -u**2 + 624*u - 96510. Give s(269).
-1015
Let g(w) = 239*w + 12428. Calculate g(-52).
0
Let t(h) = -16*h**2 + 586*h - 892. What is t(35)?
18
Let j(z) = -434*z**3 + 3*z**2 + 43*z + 39. Calculate j(-1).
433
Let s(t) = -3043*t + 51740. Calculate s(17).
9
Let a(j) = -4*j**2 + 429*j - 1109. What is a(113)?
-3708
Let o(u) = u**3 - 79*u**2 - 396*u + 36740. Calculate o(78).
-232
Let o(k) = -63*k + 8768. What is o(139)?
11
Let f(o) = -5*o**2 - 5608*o - 28032. Determine f(-5).
-117
Let p(a) = a**3 - 2*a**2 - 110*a - 34. Determine p(-8).
206
Let c(v) = -47*v**2 + 166*v - 116. Determine c(3).
-41
Let k(x) = -x**2 + 8566*x - 1154765. Determine k(137).
8
Let y(d) = -552*d - 287598. Calculate y(-521).
-6
Let c(n) = -n**3 + 166*n**2 + 6265*n + 14070. Determine c(198).
12
Let x(o) = -424*o - 19905. What is x(-47)?
23
Let i(t) = -t**3 - 68*t**2 - 953*t + 93. Calculate i(-45).
-3597
Let n(w) = -w**3 + 137*w**2 - 642*w - 2382. What is n(132)?
-6
Let j(b) = 3*b**3 + 286*b**2 + 84*b - 1024. Calculate j(-95).
21
Let w(l) = -276711*l + 7471264. Calculate w(2